 the ten thousands digit of 12029?
1
What is the tens digit of 1428?
2
What is the hundreds digit of 73570?
5
What is the hundreds digit of 14566?
5
What is the hundreds digit of 215?
2
What is the ten thousands digit of 58523?
5
What is the hundreds digit of 57437?
4
What is the tens digit of 851?
5
What is the hundreds digit of 10913?
9
What is the thousands digit of 3574?
3
What is the tens digit of 28?
2
What is the units digit of 17022?
2
What is the tens digit of 1593?
9
What is the hundreds digit of 10176?
1
What is the tens digit of 142?
4
What is the ten thousands digit of 27973?
2
What is the tens digit of 392?
9
What is the thousands digit of 2536?
2
What is the thousands digit of 42435?
2
What is the ten thousands digit of 11542?
1
What is the units digit of 990?
0
What is the hundreds digit of 860?
8
What is the units digit of 1355?
5
What is the units digit of 501?
1
What is the thousands digit of 2086?
2
What is the ten thousands digit of 62317?
6
What is the tens digit of 4498?
9
What is the thousands digit of 2091?
2
What is the hundreds digit of 1652?
6
What is the hundreds digit of 2635?
6
What is the units digit of 139415?
5
What is the tens digit of 43806?
0
What is the units digit of 497?
7
What is the units digit of 28199?
9
What is the tens digit of 12445?
4
What is the hundreds digit of 4121?
1
What is the units digit of 9286?
6
What is the tens digit of 39314?
1
What is the tens digit of 5824?
2
What is the hundreds digit of 2880?
8
What is the units digit of 9215?
5
What is the thousands digit of 59097?
9
What is the units digit of 11375?
5
What is the hundreds digit of 1595?
5
What is the tens digit of 949?
4
What is the ten thousands digit of 10646?
1
What is the tens digit of 3659?
5
What is the hundreds digit of 27222?
2
What is the units digit of 19404?
4
What is the hundreds digit of 4042?
0
What is the hundreds digit of 2584?
5
What is the hundreds digit of 4679?
6
What is the tens digit of 1289?
8
What is the tens digit of 35782?
8
What is the tens digit of 26019?
1
What is the thousands digit of 6777?
6
What is the units digit of 12844?
4
What is the hundreds digit of 39153?
1
What is the units digit of 713?
3
What is the tens digit of 37446?
4
What is the thousands digit of 1862?
1
What is the units digit of 14609?
9
What is the tens digit of 38910?
1
What is the thousands digit of 7586?
7
What is the units digit of 4280?
0
What is the thousands digit of 10057?
0
What is the hundreds digit of 6663?
6
What is the thousands digit of 1465?
1
What is the tens digit of 7287?
8
What is the tens digit of 4849?
4
What is the units digit of 500?
0
What is the units digit of 106?
6
What is the thousands digit of 1870?
1
What is the units digit of 9812?
2
What is the thousands digit of 28486?
8
What is the hundreds digit of 614?
6
What is the thousands digit of 14653?
4
What is the units digit of 40680?
0
What is the hundreds digit of 108?
1
What is the units digit of 22886?
6
What is the hundred thousands digit of 155505?
1
What is the tens digit of 8162?
6
What is the tens digit of 17215?
1
What is the tens digit of 44804?
0
What is the thousands digit of 4559?
4
What is the hundreds digit of 388?
3
What is the tens digit of 139?
3
What is the tens digit of 1185?
8
What is the hundreds digit of 45998?
9
What is the ten thousands digit of 19295?
1
What is the tens digit of 1841?
4
What is the units digit of 1990?
0
What is the hundreds digit of 96187?
1
What is the tens digit of 2266?
6
What is the tens digit of 5188?
8
What is the thousands digit of 6627?
6
What is the hundreds digit of 4092?
0
What is the units digit of 529?
9
What is the hundreds digit of 36256?
2
What is the tens digit of 8896?
9
What is the tens digit of 149834?
3
What is the hundreds digit of 1512?
5
What is the hundreds digit of 63379?
3
What is the thousands digit of 2373?
2
What is the units digit of 5405?
5
What is the tens digit of 15081?
8
What is the hundreds digit of 119723?
7
What is the units digit of 6954?
4
What is the hundreds digit of 4593?
5
What is the hundreds digit of 2776?
7
What is the tens digit of 1065?
6
What is the thousands digit of 40564?
0
What is the tens digit of 1013?
1
What is the hundreds digit of 1384?
3
What is the units digit of 8722?
2
What is the tens digit of 9158?
5
What is the tens digit of 12793?
9
What is the thousands digit of 206143?
6
What is the thousands digit of 120762?
0
What is the thousands digit of 32710?
2
What is the tens digit of 6023?
2
What is the tens digit of 3230?
3
What is the units digit of 760?
0
What is the hundreds digit of 12193?
1
What is the tens digit of 1835?
3
What is the units digit of 27434?
4
What is the units digit of 449?
9
What is the units digit of 100?
0
What is the units digit of 6359?
9
What is the units digit of 9597?
7
What is the tens digit of 4619?
1
What is the tens digit of 922?
2
What is the hundreds digit of 4263?
2
What is the tens digit of 3956?
5
What is the hundreds digit of 284?
2
What is the hundreds digit of 1415?
4
What is the hundreds digit of 1822?
8
What is the hundreds digit of 248?
2
What is the tens digit of 1107?
0
What is the units digit of 8652?
2
What is the units digit of 3822?
2
What is the units digit of 176?
6
What is the hundreds digit of 24147?
1
What is the units digit of 457?
7
What is the thousands digit of 2307?
2
What is the units digit of 5761?
1
What is the tens digit of 4681?
8
What is the ten thousands digit of 11491?
1
What is the thousands digit of 7060?
7
What is the units digit of 429?
9
What is the units digit of 309?
9
What is the tens digit of 639?
3
What is the hundred thousands digit of 147112?
1
What is the units digit of 4124?
4
What is the ten thousands digit of 12683?
1
What is the thousands digit of 1234?
1
What is the hundreds digit of 12353?
3
What is the tens digit of 514?
1
What is the tens digit of 11319?
1
What is the tens digit of 917?
1
What is the units digit of 16182?
2
What is the hundreds digit of 127577?
5
What is the units digit of 18553?
3
What is the ten thousands digit of 84640?
8
What is the thousands digit of 9992?
9
What is the thousands digit of 40756?
0
What is the units digit of 2403?
3
What is the hundreds digit of 973?
9
What is the tens digit of 4801?
0
What is the hundreds digit of 529?
5
What is the hundreds digit of 16646?
6
What is the hundreds digit of 842?
8
What is the ten thousands digit of 34117?
3
What is the hundreds digit of 68492?
4
What is the thousands digit of 9567?
9
What is the hundreds digit of 822?
8
What is the tens digit of 2217?
1
What is the hundreds digit of 3102?
1
What is the thousands digit of 13375?
3
What is the tens digit of 35?
3
What is the tens digit of 1538?
3
What is the thousands digit of 5387?
5
What is the hundreds digit of 47075?
0
What is the hundreds digit of 996?
9
What is the tens digit of 37954?
5
What is the units digit of 37660?
0
What is the hundreds digit of 12775?
7
What is the hundreds digit of 1944?
9
What is the units digit of 14413?
3
What is the hundreds digit of 100726?
7
What is the tens digit of 9567?
6
What is the tens digit of 343?
4
What is the hundreds digit of 9832?
8
What is the thousands digit of 39654?
9
What is the units digit of 5044?
4
What is the tens digit of 782?
8
What is the tens digit of 596?
9
What is the units digit of 940?
0
What is the hundreds digit of 289?
2
What is the hundreds digit of 327?
3
What is the thousands digit of 13066?
3
What is the units digit of 798?
8
What is the thousands digit of 112963?
2
What is the thousands digit of 1850?
1
What is the units digit of 15093?
3
What is the units digit of 82?
2
What is the units digit of 4907?
7
What is the hundred thousands digit of 131487?
1
What is the thousands digit of 3248?
3
What is the hundreds digit of 15421?
4
What is the units digit of 1000?
0
What is the hundreds digit of 567?
5
What is the tens digit of 1951?
5
What is the tens digit of 2625?
2
What is the tens digit of 1743?
4
What is the tens digit of 1852?
5
What is the hundreds digit of 47675?
6
What is the units digit of 2143?
3
What is the hundreds digit of 1740?
7
What is the tens digit of 3688?
8
What is the ten thousands digit of 101009?
0
What is the ten thousands digit of 176